{"id":793,"date":"2018-09-17T13:25:34","date_gmt":"2018-09-17T12:25:34","guid":{"rendered":"http:\/\/orguesaintjean60.fr\/?page_id=793"},"modified":"2018-09-17T16:20:00","modified_gmt":"2018-09-17T15:20:00","slug":"793-2","status":"publish","type":"page","link":"https:\/\/orguesaintjean60.fr\/index.php\/793-2\/","title":{"rendered":"Concert-conf\u00e9rence \u00ab R\u00eaves d\u2019\u00e9toiles \u00bb avec Jean-Loup Chr\u00e9tien"},"content":{"rendered":"<h3 style=\"text-align: center;\"><a href=\"http:\/\/orguesaintjean60.fr\/wp-content\/uploads\/2018\/09\/Re\u0302ves-de\u0301toiles-jpg.jpg\"><img decoding=\"async\" loading=\"lazy\" class=\"wp-image-809 aligncenter\" src=\"http:\/\/orguesaintjean60.fr\/wp-content\/uploads\/2018\/09\/Re\u0302ves-de\u0301toiles-jpg-211x300.jpg\" alt=\"\" width=\"828\" height=\"1178\" srcset=\"https:\/\/orguesaintjean60.fr\/wp-content\/uploads\/2018\/09\/Re\u0302ves-de\u0301toiles-jpg-211x300.jpg 211w, https:\/\/orguesaintjean60.fr\/wp-content\/uploads\/2018\/09\/Re\u0302ves-de\u0301toiles-jpg-352x500.jpg 352w\" sizes=\"(max-width: 828px) 100vw, 828px\" \/><\/a><\/h3>\n<p style=\"text-align: left;\">\u00a0\u00a0\u00a0\u00a0\u00a0\u00a0 Jean-Loup Chr\u00e9tien, n\u00e9 en 1938 \u00e0 La Rochelle,est titulaire d\u2019une ma\u00eetrise en g\u00e9nie a\u00e9ronautique et dipl\u00f4m\u00e9 de l\u2019Ecole de l\u2019air. Pilote d\u2019essai au Centre d\u2019essais en vol d\u2019Istres, il est nomm\u00e9 responsable du programme Mirage F1 de 1970 \u00e0 1973.<\/p>\n<p>En 1980 il est s\u00e9lectionn\u00e9 comme spationaute au CNES.<a href=\"http:\/\/orguesaintjean60.fr\/wp-content\/uploads\/2018\/09\/affiche-concert.jpg\"><img decoding=\"async\" loading=\"lazy\" class=\"size-medium wp-image-796 alignleft\" src=\"http:\/\/orguesaintjean60.fr\/wp-content\/uploads\/2018\/09\/affiche-concert-212x300.jpg\" alt=\"\" width=\"212\" height=\"300\" srcset=\"https:\/\/orguesaintjean60.fr\/wp-content\/uploads\/2018\/09\/affiche-concert-212x300.jpg 212w, https:\/\/orguesaintjean60.fr\/wp-content\/uploads\/2018\/09\/affiche-concert-768x1086.jpg 768w, https:\/\/orguesaintjean60.fr\/wp-content\/uploads\/2018\/09\/affiche-concert-724x1024.jpg 724w, https:\/\/orguesaintjean60.fr\/wp-content\/uploads\/2018\/09\/affiche-concert-354x500.jpg 354w\" sizes=\"(max-width: 212px) 100vw, 212px\" \/><\/a><\/p>\n<p><span style=\"color: #000080;\"><strong>Il effectue le premier vol habit\u00e9 du 25 juin au 2 juillet 1982 au cours d\u2019une mission franco-sovi\u00e9tique. <\/strong><\/span><\/p>\n<p><span style=\"color: #000080;\"><strong>Premier Fran\u00e7ais, mais aussi premier Europ\u00e9en de l\u2019Ouest, il est ing\u00e9nieur de bord du vaisseau Soyouz<\/strong> <\/span>et de la station Saliout 7 o\u00f9 il r\u00e9alise en orbite\u00a0 plusieurs\u00a0 exp\u00e9riences dans les domaines de la m\u00e9decine, de la biologie, de l\u2019astronomie\u2026<\/p>\n<p>En 1995, Jean-Loup Chr\u00e9tien rejoint la Promotion 95 des astronautes US au centre de la NASA \u00e0 Houston. Frapp\u00e9 par la limite d\u2019\u00e2ge fran\u00e7aise en 1998, il restera \u00e0 Houston en tant qu\u2019astronaute am\u00e9ricain.<\/p>\n<p>Il a re\u00e7u le titre de H\u00e9ros de l\u2019Union sovi\u00e9tique. Il est \u00e9galement d\u00e9cor\u00e9 de la m\u00e9daille des vols spatiaux de la NASA. En France il a le grade de G\u00e9n\u00e9ral et a re\u00e7u la distinction de Commandeur de la L\u00e9gion d\u2019honneur.<\/p>\n<p><span style=\"color: #000080;\"><strong>Tr\u00e8s jeune, Jean-Loup Chr\u00e9tien se passionne pour l\u2019orgue<\/strong>,<\/span> et c\u2019est sa passion d\u2019organiste li\u00e9e \u00e0 sa carri\u00e8re dans l\u2019espace qui lui a donn\u00e9 l\u2019id\u00e9e, avec la complicit\u00e9 de son ami Jean-Philippe Le Tr\u00e9vou, lui-m\u00eame virtuose de l\u2019instrument, de concerts-conf\u00e9rences.<\/p>\n<p>Des pi\u00e8ces de musique improvis\u00e9e ou \u00e9crite se m\u00ealent \u00e0 des projections sur grand \u00e9cran de films, des derni\u00e8res images du t\u00e9lescope Hubble, ou de celles de vols dans l\u2019espace.<\/p>\n<p><span style=\"color: #000080;\"><strong>Un voyage intersid\u00e9ral aux sons de l\u2019orgue.<\/strong><\/span><\/p>\n<p>&nbsp;<\/p>\n<p>&nbsp;<\/p>\n","protected":false},"excerpt":{"rendered":"<p>\u00a0\u00a0\u00a0\u00a0\u00a0\u00a0 Jean-Loup Chr\u00e9tien, n\u00e9 en 1938 \u00e0 La Rochelle,est titulaire d\u2019une ma\u00eetrise en g\u00e9nie a\u00e9ronautique et dipl\u00f4m\u00e9 de l\u2019Ecole de l\u2019air. Pilote d\u2019essai au Centre d\u2019essais en vol d\u2019Istres, il <a href=\"https:\/\/orguesaintjean60.fr\/index.php\/793-2\/\" class=\"more-link\">[&hellip;]<\/a><\/p>\n","protected":false},"author":1,"featured_media":0,"parent":0,"menu_order":0,"comment_status":"closed","ping_status":"closed","template":"","meta":[],"_links":{"self":[{"href":"https:\/\/orguesaintjean60.fr\/index.php\/wp-json\/wp\/v2\/pages\/793"}],"collection":[{"href":"https:\/\/orguesaintjean60.fr\/index.php\/wp-json\/wp\/v2\/pages"}],"about":[{"href":"https:\/\/orguesaintjean60.fr\/index.php\/wp-json\/wp\/v2\/types\/page"}],"author":[{"embeddable":true,"href":"https:\/\/orguesaintjean60.fr\/index.php\/wp-json\/wp\/v2\/users\/1"}],"replies":[{"embeddable":true,"href":"https:\/\/orguesaintjean60.fr\/index.php\/wp-json\/wp\/v2\/comments?post=793"}],"version-history":[{"count":18,"href":"https:\/\/orguesaintjean60.fr\/index.php\/wp-json\/wp\/v2\/pages\/793\/revisions"}],"predecessor-version":[{"id":816,"href":"https:\/\/orguesaintjean60.fr\/index.php\/wp-json\/wp\/v2\/pages\/793\/revisions\/816"}],"wp:attachment":[{"href":"https:\/\/orguesaintjean60.fr\/index.php\/wp-json\/wp\/v2\/media?parent=793"}],"curies":[{"name":"wp","href":"https:\/\/api.w.org\/{rel}","templated":true}]}}