{"id":611,"date":"2016-05-25T08:13:00","date_gmt":"2016-05-25T07:13:00","guid":{"rendered":"http:\/\/orguesaintjean60.fr\/?page_id=611"},"modified":"2016-07-05T16:47:51","modified_gmt":"2016-07-05T15:47:51","slug":"mentions-legales","status":"publish","type":"page","link":"https:\/\/orguesaintjean60.fr\/index.php\/mentions-legales\/","title":{"rendered":"Mentions L\u00e9gales"},"content":{"rendered":"<h3><span style=\"color: #000080;\">1. Pr\u00e9sentation de notre site web<\/span><\/h3>\n<h5>Conform\u00e9ment \u00e0 la loi n\u00b0 2004-2005 du 21 juin 2004 pour la confiance dans l&rsquo;\u00e9conomie num\u00e9rique, le site web cr\u00e9\u00e9 par l&rsquo;association \u00ab Des orgues pour Saint-Jean-aux-Bois \u00bb, propri\u00e9taire du site <a href=\"http:\/\/www.orguesaintjean60.fr\">www.orguesaintjean60.fr<\/a>, met \u00e0 disposition du public les informations la concernant.<br \/>\n\u00c9ventuellement modifiables, nous vous invitons \u00e0 consulter nos mentions l\u00e9gales le plus souvent possible, de mani\u00e8re \u00e0 en prendre connaissance fr\u00e9quemment<\/h5>\n<h5>L&rsquo;adresse postale de l&rsquo;association est la suivante: Association \u00ab\u00a0Des orgues pour Saint-Jean-aux-Bois\u00a0\u00bb-\u00a0 Mairie &#8211; La Grande Cour &#8211; 60350 Saint-Jean-aux-Bois.<br \/>\nPersonne physique ou morale, le pr\u00e9sident Christian Delage est responsable de la publication, dont l&rsquo;adresse e-mail est la suivante : <a href=\"http:\/\/orguesaintjean60.fr\/index.php\/contact\/\">http:\/\/orguesaintjean60.fr\/index.php\/contact\/<\/a><br \/>\nLe webmaster, B\u00e9atrice Daeleman, est responsable de l&rsquo;administration du site, dont l&rsquo;adresse e-mail est la suivante : <a href=\"http:\/\/pertinence-entreprise.fr\/index.php\/contact\/\">http:\/\/pertinence-entreprise.fr\/index.php\/contact\/<\/a><br \/>\nLe site <a title=\"B\u00e9atrice Daeleman\" href=\"http:\/\/www.orguesaintjean60.fr\">www.orguesaintjean60.fr <\/a>est h\u00e9berg\u00e9 par OVH, dont le si\u00e8ge social est localis\u00e9 \u00e0 l&rsquo;adresse suivante : 2 rue kellerman &#8211; 59100 &#8211; Roubaix.<\/h5>\n<h5><i>Cr\u00e9dits : ces mentions l\u00e9gales ont \u00e9t\u00e9s g\u00e9n\u00e9r\u00e9es et offertes via cet outil <a title=\"G\u00e9n\u00e9rateur de mentions l\u00e9gales gratuit\" href=\"http:\/\/www.g7design.fr\/outils-web\/generateur-de-mentions-legales\/\" target=\"_blank\">http:\/\/www.g7design.fr\/outils-web\/generateur-de-mentions-legales\/<\/a>. Les \u00e9diteurs se d\u00e9chargent de toute responsabilit\u00e9.<\/i><\/h5>\n<h3><span style=\"color: #000080;\">2. Conditions g\u00e9n\u00e9rales d\u2019utilisation du site et des services propos\u00e9s.<\/span><\/h3>\n<h5>En utilisant notre site web <a title=\"B\u00e9atrice Daeleman\" href=\"http:\/\/www.orguesaintjean60.fr\">www.orguesaintjean60.fr<\/a>, vous acceptez pleinement les conditions g\u00e9n\u00e9rales d&rsquo;utilisation pr\u00e9cis\u00e9es dans nos mentions l\u00e9gales. Accessible \u00e0 tous types de visiteurs, il est important de pr\u00e9ciser toutefois qu&rsquo;une interruption pour maintenance du site web peut-\u00eatre d\u00e9cid\u00e9e par B\u00e9atrice Daeleman. Les dates et heures d&rsquo;interruptions seront n\u00e9anmoins pr\u00e9cis\u00e9es \u00e0 l&rsquo;avance aux utilisateurs.<\/h5>\n<h3><span style=\"color: #000080;\">3. Les produits ou services propos\u00e9s par<\/span> <a title=\"B\u00e9atrice Daeleman\" href=\"http:\/\/www.orguesaintjean60.fr\">www.orguesaintjean60.fr<\/a><\/h3>\n<h5>En accord avec sa politique de communication, le site <a title=\"B\u00e9atrice Daeleman\" href=\"http:\/\/www.orguesaintjean60.fr\">www.orguesaintjean60.fr<\/a> a pour vocation d&rsquo;informer les utilisateurs sur les services propos\u00e9s par l&rsquo;association, qui s&rsquo;efforce alors de fournir des informations pr\u00e9cises sur son activit\u00e9.<\/h5>\n<h3><span style=\"color: #000080;\">4. Limitations contractuelles<\/span><\/h3>\n<h5>Les informations retranscrites sur notre site <a title=\"B\u00e9atrice Daeleman\" href=\"http:\/\/www.orguesaintjean60.fr\">www.orguessaintjean60.fr<\/a> font l\u2019objet de d\u00e9marches qualitatives, en vue de nous assurer de leur fiabilit\u00e9. Cependant, nous ne pourrons encourir de responsabilit\u00e9s en cas d\u2019inexactitudes techniques lors de nos explications.<br \/>\nSi vous constatez une erreur concernant des informations que nous auront pu omettre, n\u2019h\u00e9sitez pas \u00e0 nous le signaler par mail \u00e0 <a href=\"http:\/\/orguesaintjean60.fr\/index.php\/contact\/\">http:\/\/orguesaintjean60.fr\/index.php\/contact\/<\/a>.<\/h5>\n<h5>Les liens reli\u00e9s directement ou indirectement \u00e0 notre site web <a title=\"B\u00e9atrice Daeleman\" href=\"http:\/\/www.orguesaintjean60.fr\">www.orguesaintjean60.fr<\/a> ne sont pas sous le contr\u00f4le de notre soci\u00e9t\u00e9. Par cons\u00e9quent, nous ne pouvons nous assurer de l\u2019exactitude des informations pr\u00e9sentes sur ces autres sites Internet.<\/h5>\n<h5>Utilisant la technologie JavaScript, le site <a title=\"B\u00e9atrice Daeleman\" href=\"http:\/\/www.orguesaintjean60.fr\">www.orguesaintjean60.fr<\/a> ne pourra \u00eatre tenu pour responsable en cas de dommages mat\u00e9riels li\u00e9s \u00e0 son utilisation, qu&rsquo;ils soient directs ou indirects (bug, incompatibilit\u00e9, virus, perte de march\u00e9, etc.).<\/h5>\n<h3><span style=\"color: #000080;\">5. Propri\u00e9t\u00e9 intellectuelle et contenu du site Internet<\/span><\/h3>\n<h5>Le contenu r\u00e9dactionnel du site web <a title=\"B\u00e9atrice Daeleman\" href=\"http:\/\/www.orguesaintjean60.fr\">www.orguesaintjean60.fr<\/a> appartient exclusivement \u00e0 Christian Delage. Toute violation des droits d\u2019auteur est sanctionn\u00e9e par l\u2019article L.335-2 du Code de la Propri\u00e9t\u00e9 Intellectuelle, avec une peine encourue de 2 ans d\u2019emprisonnement et de 150 000\u20ac d\u2019amende<\/h5>\n<h5>Le site <a title=\"B\u00e9atrice Daeleman\" href=\"http:\/\/www.orguesaintjean60.fr\">www.orguesaintjean60.fr\u00a0<\/a> ne pourra \u00eatre mis en cause en cas de propos injurieux, \u00e0 caract\u00e8re raciste, diffamant ou pornographique, \u00e9chang\u00e9s sur les espaces interactifs. La soci\u00e9t\u00e9 se r\u00e9serve \u00e9galement le droit de supprimer tout contenu contraire aux valeurs de l&rsquo;association ou \u00e0 la l\u00e9gislation applicable en France.<\/h5>\n<h5>En naviguant sur le site <a title=\"B\u00e9atrice Daeleman\" href=\"http:\/\/www.orguesaintjean60.fr\">www.orguesaintjean60.fr<\/a>, l&rsquo;utilisateur accepte \u00e9galement l&rsquo;installation de cookies \u00e9ventuelle sur son ordinateur.<\/h5>\n<h3><span style=\"color: #000080;\">6. Donn\u00e9es personnelles, respect de votre vie priv\u00e9e et de vos libert\u00e9s<\/span><\/h3>\n<h5>Christian Delage s&rsquo;engage \u00e0 ne c\u00e9der en aucun cas les informations concernant les utilisateurs du site Internet, de quelque fa\u00e7on que ce soit (vente, \u00e9change, pr\u00eat, location, don).<\/h5>\n<h5>Conform\u00e9ment \u00e0 la loi \u00ab informatique et libert\u00e9s \u00bb du 6 janvier 1978 modifi\u00e9e en 2004, l\u2019utilisateur b\u00e9n\u00e9ficie d\u2019un droit d\u2019acc\u00e8s et de rectification aux informations le concernant, droit qu\u2019il peut exercer \u00e0 tout moment en adressant un mail \u00e0 l\u2019adresse <a href=\"http:\/\/orguesaintjean60.fr\/index.php\/contact\/\">http:\/\/orguesaintjean60\/index.php\/contact\/<\/a>, ou en effectuant sa demande par courrier, \u00e0 l\u2019adresse suivante : Association \u00ab DES ORGUES POUR SAINT-JEAN-AUX-BOIS \u00bb &#8211; Mairie &#8211; La Grande Cour &#8211; 60350 Saint-Jean-aux-Bois.<\/h5>\n<h3><span style=\"color: #000080;\">7. Droit applicable et lois concern\u00e9es<\/span><\/h3>\n<h5>Soumis au droit fran\u00e7ais, le site web <a title=\"B\u00e9atrice Daeleman\" href=\"http:\/\/www.orguesaintjean60.fr\">www.orguesaintjean60.fr<\/a> est encadr\u00e9 par la loi n\u00b0 2004-2005 du 21 juin 2004 pour la confiance dans l&rsquo;\u00e9conomie num\u00e9rique, l\u2019article L.335-2 du Code de la Propri\u00e9t\u00e9 Intellectuelle et la loi \u00ab informatique et libert\u00e9s \u00bb du 6 janvier 1978 modifi\u00e9e en 2004.<\/h5>\n","protected":false},"excerpt":{"rendered":"<p>1. Pr\u00e9sentation de notre site web Conform\u00e9ment \u00e0 la loi n\u00b0 2004-2005 du 21 juin 2004 pour la confiance dans l&rsquo;\u00e9conomie num\u00e9rique, le site web cr\u00e9\u00e9 par l&rsquo;association \u00ab Des <a href=\"https:\/\/orguesaintjean60.fr\/index.php\/mentions-legales\/\" class=\"more-link\">[&hellip;]<\/a><\/p>\n","protected":false},"author":1,"featured_media":0,"parent":0,"menu_order":0,"comment_status":"closed","ping_status":"closed","template":"","meta":[],"_links":{"self":[{"href":"https:\/\/orguesaintjean60.fr\/index.php\/wp-json\/wp\/v2\/pages\/611"}],"collection":[{"href":"https:\/\/orguesaintjean60.fr\/index.php\/wp-json\/wp\/v2\/pages"}],"about":[{"href":"https:\/\/orguesaintjean60.fr\/index.php\/wp-json\/wp\/v2\/types\/page"}],"author":[{"embeddable":true,"href":"https:\/\/orguesaintjean60.fr\/index.php\/wp-json\/wp\/v2\/users\/1"}],"replies":[{"embeddable":true,"href":"https:\/\/orguesaintjean60.fr\/index.php\/wp-json\/wp\/v2\/comments?post=611"}],"version-history":[{"count":10,"href":"https:\/\/orguesaintjean60.fr\/index.php\/wp-json\/wp\/v2\/pages\/611\/revisions"}],"predecessor-version":[{"id":646,"href":"https:\/\/orguesaintjean60.fr\/index.php\/wp-json\/wp\/v2\/pages\/611\/revisions\/646"}],"wp:attachment":[{"href":"https:\/\/orguesaintjean60.fr\/index.php\/wp-json\/wp\/v2\/media?parent=611"}],"curies":[{"name":"wp","href":"https:\/\/api.w.org\/{rel}","templated":true}]}}