{"id":50,"date":"2015-11-25T14:20:24","date_gmt":"2015-11-25T13:20:24","guid":{"rendered":"http:\/\/orguesaintjean60.fr\/?page_id=50"},"modified":"2019-05-02T13:39:51","modified_gmt":"2019-05-02T12:39:51","slug":"comment-adherer-3","status":"publish","type":"page","link":"https:\/\/orguesaintjean60.fr\/index.php\/comment-adherer-3\/","title":{"rendered":"Devenir Adh\u00e9rent"},"content":{"rendered":"<div id=\"pl-50\"  class=\"panel-layout\" ><div id=\"pg-50-0\"  class=\"panel-grid panel-no-style\" ><div id=\"pgc-50-0-0\"  class=\"panel-grid-cell\" ><div id=\"panel-50-0-0-0\" class=\"so-panel widget widget_sow-image panel-first-child panel-last-child\" data-index=\"0\" ><div class=\"so-widget-sow-image so-widget-sow-image-default-d6014b76747a\">\n\n<div class=\"sow-image-container\">\n\t<img src=\"https:\/\/orguesaintjean60.fr\/wp-content\/uploads\/2019\/05\/logo-GF.jpg\" width=\"243\" height=\"591\" srcset=\"https:\/\/orguesaintjean60.fr\/wp-content\/uploads\/2019\/05\/logo-GF.jpg 243w, https:\/\/orguesaintjean60.fr\/wp-content\/uploads\/2019\/05\/logo-GF-123x300.jpg 123w, https:\/\/orguesaintjean60.fr\/wp-content\/uploads\/2019\/05\/logo-GF-206x500.jpg 206w\" sizes=\"(max-width: 243px) 100vw, 243px\" title=\"logo GF\" alt=\"\" \t\tclass=\"so-widget-image\"\/>\n<\/div>\n\n<\/div><\/div><\/div><div id=\"pgc-50-0-1\"  class=\"panel-grid-cell\" ><div id=\"panel-50-0-1-0\" class=\"so-panel widget widget_sow-editor panel-first-child\" data-index=\"1\" ><div class=\"so-widget-sow-editor so-widget-sow-editor-base\">\n<div class=\"siteorigin-widget-tinymce textwidget\">\n\t<p><span style=\"color: #000000;\"><span style=\"color: #808080;\">L\u2019association<\/span><strong> <span style=\"color: #ff6600;\">\"<\/span><\/strong><\/span><span style=\"color: #ff6600;\"><strong>Des orgues pour Saint-Jean-aux-Bois\"<\/strong><span style=\"color: #808080;\"> fond\u00e9e en 2010, a \u00e9tendu en 2019 sa mission aux orgues de l'\u00e9glise Saint-Sulpice de Pierrefonds et de la belle \u00e9glise de Vieux-Moulin.<\/span><\/span><\/p>\n<p>Aujourd'hui d\u00e9nomm\u00e9e \"Les Orgues de la For\u00eat\", elle poursuit sa mission qui consiste \u00e0:<\/p>\n<ul>\n<li><span style=\"color: #808080;\">Veiller \u00e0 l'entretien des 3 orgues de Pierrefonds, Saint-Jean-aux-Bois et Vieux Moulin.<\/span><\/li>\n<li><span style=\"color: #808080;\">Soutenir la liturgie par un accompagnement musical de qualit\u00e9.<\/span><\/li>\n<li><span style=\"color: #808080;\">Promouvoir l'\u00e9ducation musicale et l'organisation de concerts de musique classique.<\/span><\/li>\n<\/ul>\n<p><span style=\"color: #808080;\">Qualifi\u00e9e d\u2019utilit\u00e9 publique, elle est habilit\u00e9e \u00e0 recevoir des dons et \u00e0 d\u00e9livrer des re\u00e7us fiscaux ouvrant droit \u00e0 66% du montant du don venant en d\u00e9duction d\u2019imp\u00f4t sur le revenu.<\/span><br \/><span style=\"color: #808080;\"> Un re\u00e7u fiscal est adress\u00e9 annuellement \u00e0 chaque adh\u00e9rent.<\/span><br \/><span style=\"color: #808080;\"> Les membres de l\u2019association sont tenus r\u00e9guli\u00e8rement inform\u00e9s de la vie de celle-ci et de la programmation des concerts.<\/span><\/p>\n<\/div>\n<\/div><\/div><div id=\"panel-50-0-1-1\" class=\"so-panel widget widget_sow-button panel-last-child\" data-index=\"2\" ><div class=\"so-widget-sow-button so-widget-sow-button-atom-bda1499c09b0\"><div class=\"ow-button-base ow-button-align-center\">\n\t<a href=\"http:\/\/orguesaintjean60.fr\/wp-content\/uploads\/2019\/05\/Bulletin-dinscription.pdf\" class=\"ow-icon-placement-left ow-button-hover\" target=\"_blank\" rel=\"noopener noreferrer\" \t\t>\n\t\t<span>\n\t\t\t<span class=\"sow-icon-icomoon\" data-sow-icon=\"&#xe905;\" style=\"color: #ffffff\"><\/span>\n\t\t\tBulletin d'Adh\u00e9sion\t\t<\/span>\n\t<\/a>\n<\/div>\n<\/div><\/div><\/div><\/div><\/div>","protected":false},"excerpt":{"rendered":"<p>L\u2019association \u00ab\u00a0Des orgues pour Saint-Jean-aux-Bois\u00a0\u00bb fond\u00e9e en 2010, a \u00e9tendu en 2019 sa mission aux orgues de l&rsquo;\u00e9glise Saint-Sulpice de Pierrefonds et de la belle \u00e9glise de Vieux-Moulin.Aujourd&rsquo;hui d\u00e9nomm\u00e9e \u00ab\u00a0Les <a href=\"https:\/\/orguesaintjean60.fr\/index.php\/comment-adherer-3\/\" class=\"more-link\">[&hellip;]<\/a><\/p>\n","protected":false},"author":1,"featured_media":0,"parent":0,"menu_order":0,"comment_status":"closed","ping_status":"closed","template":"","meta":[],"_links":{"self":[{"href":"https:\/\/orguesaintjean60.fr\/index.php\/wp-json\/wp\/v2\/pages\/50"}],"collection":[{"href":"https:\/\/orguesaintjean60.fr\/index.php\/wp-json\/wp\/v2\/pages"}],"about":[{"href":"https:\/\/orguesaintjean60.fr\/index.php\/wp-json\/wp\/v2\/types\/page"}],"author":[{"embeddable":true,"href":"https:\/\/orguesaintjean60.fr\/index.php\/wp-json\/wp\/v2\/users\/1"}],"replies":[{"embeddable":true,"href":"https:\/\/orguesaintjean60.fr\/index.php\/wp-json\/wp\/v2\/comments?post=50"}],"version-history":[{"count":94,"href":"https:\/\/orguesaintjean60.fr\/index.php\/wp-json\/wp\/v2\/pages\/50\/revisions"}],"predecessor-version":[{"id":94,"href":"https:\/\/orguesaintjean60.fr\/index.php\/wp-json\/wp\/v2\/pages\/50\/revisions\/94"}],"wp:attachment":[{"href":"https:\/\/orguesaintjean60.fr\/index.php\/wp-json\/wp\/v2\/media?parent=50"}],"curies":[{"name":"wp","href":"https:\/\/api.w.org\/{rel}","templated":true}]}}